363?
759
What is the remainder when 3340177 is divided by 112?
1
Calculate the remainder when 4142481 is divided by 4142469.
12
What is the remainder when 6530478 is divided by 1167?
1113
What is the remainder when 253099 is divided by 1375?
99
Calculate the remainder when 3253480 is divided by 1083826.
2002
Calculate the remainder when 5012807 is divided by 25064.
7
Calculate the remainder when 40699336 is divided by 57.
25
What is the remainder when 158015 is divided by 26306?
179
What is the remainder when 1063230 is divided by 15409?
9
What is the remainder when 17317 is divided by 9419?
7898
What is the remainder when 207787816 is divided by 42?
40
Calculate the remainder when 63171 is divided by 5013.
3015
What is the remainder when 15101534 is divided by 89890?
14
Calculate the remainder when 6463946 is divided by 53.
13
What is the remainder when 1019853 is divided by 509906?
41
What is the remainder when 3378085 is divided by 3668?
3525
What is the remainder when 3382297 is divided by 149?
146
Calculate the remainder when 45103509 is divided by 19.
17
What is the remainder when 9948962 is divided by 69?
59
Calculate the remainder when 373074 is divided by 86.
6
Calculate the remainder when 14347751 is divided by 7173872.
7
Calculate the remainder when 2454910 is divided by 2454876.
34
Calculate the remainder when 36022650 is divided by 114.
18
Calculate the remainder when 358764712 is divided by 462.
460
What is the remainder when 823755 is divided by 137291?
9
Calculate the remainder when 45688 is divided by 165.
148
Calculate the remainder when 1145692 is divided by 123.
70
What is the remainder when 35395 is divided by 17362?
671
Calculate the remainder when 611626 is divided by 3684.
82
Calculate the remainder when 100986 is divided by 6602.
1956
Calculate the remainder when 35811250 is divided by 74.
60
Calculate the remainder when 2474440 is divided by 260.
20
Calculate the remainder when 87832820 is divided by 781.
779
What is the remainder when 1022907 is divided by 1448?
619
Calculate the remainder when 229966 is divided by 114913.
140
What is the remainder when 425558906 is divided by 17?
14
What is the remainder when 149719 is divided by 73221?
3277
What is the remainder when 138115 is divided by 3002?
23
What is the remainder when 10655849 is divided by 114579?
2
Calculate the remainder when 2677161 is divided by 116.
113
Calculate the remainder when 1097815 is divided by 447.
430
Calculate the remainder when 154453 is divided by 77076.
301
What is the remainder when 147945 is divided by 10208?
5033
Calculate the remainder when 7863 is divided by 437.
434
What is the remainder when 1199528 is divided by 239905?
3
Calculate the remainder when 116781 is divided by 287.
259
Calculate the remainder when 4238423 is divided by 95.
93
What is the remainder when 1150033 is divided by 4443?
3739
What is the remainder when 1170336 is divided by 111?
63
What is the remainder when 100701902 is divided by 2843?
2842
Calculate the remainder when 123317639 is divided by 501.
497
Calculate the remainder when 119490 is divided by 3647.
2786
What is the remainder when 1078374 is divided by 394?
390
Calculate the remainder when 347882 is divided by 2558.
2552
What is the remainder when 970013 is divided by 548?
53
Calculate the remainder when 3243825 is divided by 5266.
5235
Calculate the remainder when 9253438 is divided by 972.
970
What is the remainder when 52947 is divided by 6555?
507
Calculate the remainder when 3176201 is divided by 608.
9
What is the remainder when 973671 is divided by 139?
115
What is the remainder when 722946 is divided by 304?
34
What is the remainder when 1331522 is divided by 1331518?
4
What is the remainder when 5018675 is divided by 250928?
115
What is the remainder when 1367020 is divided by 273400?
20
What is the remainder when 16537210 is divided by 5131?
5128
Calculate the remainder when 28286873 is divided by 1083.
1079
Calculate the remainder when 2670765 is divided by 3910.
235
What is the remainder when 9720884 is divided by 1215109?
12
Calculate the remainder when 19615706 is divided by 46593.
53
Calculate the remainder when 110199 is divided by 36126.
1821
What is the remainder when 2572855 is divided by 64321?
15
Calculate the remainder when 154850 is divided by 2763.
122
What is the remainder when 443654 is divided by 54?
44
What is the remainder when 137372232 is divided by 27474443?
17
Calculate the remainder when 91511828 is divided by 1373.
5
What is the remainder when 482717 is divided by 5190?
47
What is the remainder when 65268 is divided by 65054?
214
What is the remainder when 71068081 is divided by 911129?
19
Calculate the remainder when 2744 is divided by 771.
431
What is the remainder when 1019366 is divided by 113262?
8
Calculate the remainder when 6425352 is divided by 8323.
8319
Calculate the remainder when 23112721 is divided by 61.
4
Calculate the remainder when 240582 is divided by 48113.
17
What is the remainder when 1611308 is divided by 48816?
380
What is the remainder when 218157596 is divided by 253?
250
What is the remainder when 3302381 is divided by 376?
349
Calculate the remainder when 2499696 is divided by 1207.
1206
What is the remainder when 745721 is divided by 248309?
794
Calculate the remainder when 742530 is divided by 6750.
30
What is the remainder when 967864 is divided by 71?
63
What is the remainder when 863747 is divided by 50805?
62
Calculate the remainder when 987546 is divided by 248.
10
What is the remainder when 12174835 is divided by 15?
10
What is the remainder when 12217596 is divided by 15785?
6
Calculate the remainder when 1028506 is divided by 1375.
6
Calculate the remainder when 278121 is divided by 3891.
1860
Calculate the remainder when 12943511 is divided by 119847.
35
Calculate the remainder when 9208319 is divided by 40211.
0
Calculate the remainder when 4850315 is divided by 3899.
3858
Calculate the remainder when 510687 is divided by 1117.
218
What is the remainder when 16004259 is divided by 199?
82
What is the remainder when 89239 is divided by 24?
7
Calculate the remainder when 54956 is divided by 980.
76
Calculate the remainder when 300650 is divided by 21472.
42
Calculate the remainder when 262163852 is divided by 886.
882
Calculate the remainder when 50028 is divided by 291.
267
What is the remainder when 12470132 is divided by 656322?
14
Calculate the remainder when 425899 is divided by 506.
353
Calculate the remainder when 30517979 is divided by 762949.
19
Calculate the remainder when 2312461 is divided by 126.
109
What is the remainder when 60058 is divided by 3885?
1783
Calculate the remainder when 5274348 is divided by 351620.
48
What is the remainder when 12169972 is divided by 299?
74
Calculate the remainder when 228541 is divided by 28534.
269
What is the remainder when 213048 is divided by 70936?
240
Calculate the remainder when 4640595 is divided by 257810.
15
Calculate the remainder when 1062548 is divided by 358.
4
What is the remainder when 296958 is divided by 49419?
444
Calculate the remainder when 3758749 is divided by 542.
521
Calculate the remainder when 15074907 is divided by 242.
1
Calculate the remainder when 39227 is divided by 215.
97
Calculate the remainder when 2265570 is divided by 2265363.
207
Calculate the remainder when 146206 is divided by 9828.
8614
What is the remainder when 1178730 is divided by 137?
119
Calculate the remainder when 89664877 is divided by 100.
77
Calculate the remainder when 34405 is divided by 5682.
313
What is the remainder when 1414664 is divided by 779?
0
What is the remainder when 1476151 is divided by 2668?
747
Calculate the remainder when 139529 is divided by 45033.
4430
What is the remainder when 16540101 is divided by 8270036?
29
What is the remainder when 575964507 is divided by 28?
27
Calculate the remainder when 15023078 is divided by 655.
653
What is the remainder when 16522353 is divided by 72?
9
Calculate the remainder when 18394 is divided by 2587.
285
What is the remainder when 562193 is divided by 862?
169
What is the remainder when 14456846 is divided by 384?
14
What is the remainder when 740938 is divided by 432?
58
Calculate the remainder when 8782383 is divide